) = 41*s + 37*s - 2*s**2 - d*s. Calculate z(3).
-9
Let z(k) = k**2 + k - 8. Let i = 4803 + -4806. Determine z(i).
-2
Let c(h) = h - 7. Suppose 6 = 10*i - 4. Suppose 8*t - 7*t = i. Let s be -10*-2*(10/8 - t). What is c(s)?
-2
Suppose 63 = 5*j + 83. Let b(p) = -2*p + 6. Let n(o) = 3*o - 7. Let i(f) = 6*f - 25. Let v be i(5). Let m(t) = v*n(t) + 6*b(t). What is m(j)?
-11
Suppose 5*w - 591 = 2*n - n, 0 = -5*w - 3*n + 587. Suppose -1 + w = 9*y. Let u(v) = -v**3 + 14*v**2 - 11*v - 17. Calculate u(y).
9
Suppose -19*a - 4*s + 16 = -17*a, 3*s = -5*a + 19. Let i(w) = 0*w**2 + 79 - w**a - 6*w - 86 + 0*w**2. Calculate i(-6).
-7
Suppose -40*g = -42*g + 2*n - 146, 278 = -4*g - 3*n. Let o = g + 71. Let x(y) = -y**2 + 2. Determine x(o).
2
Let c = 88 + -57. Let l(w) = -42*w - c*w + 58*w. Let k be (11 + -10)/(2 - 1). Give l(k).
-15
Let g be 3 + (3 + -13 - -1). Let h be (-8)/(-2) - -5 - (-12)/g. Let v(q) = q**2 - 8*q + 7. Give v(h).
0
Suppose 3*o - 2*j - 12 + 3 = 0, 0 = -2*o + 2*j + 6. Let k(l) = -396*l**o + 758*l**3 - 381*l**3 - l**2. What is k(1)?
-20
Let g(i) = i**3 - i - 6. Let t be 1 + (5 + -4)*2. Let w(r) = -7*r**2 + r**2 - r**t - 6 - 3*r + 5*r - 3*r. Let j be w(-6). Give g(j).
-6
Let o(c) = -6*c + 8*c**2 + 7*c**2 - 25*c**2 + 5*c**2 + 6*c**2 + 2. Let h(j) = 2*j - 15. Let y be h(10). Calculate o(y).
-3
Let j(b) = -7*b. Let a(m) = -m**3 - 5*m**2 + 7. Let l be a(-6). Suppose -k + l = 47. Let u(g) = 3*g. Let v(i) = k*j(i) - 10*u(i). Give v(2).
-4
Let i(h) = h**2 - h + 4. Let g = -50 - -30. Let m(p) = p**3 + 18*p**2 - 44*p - 18. Let q be m(g). Let o = q + -65. What is i(o)?
16
Let a(t) be the third derivative of 1/6*t**3 + 0 - 6*t + 21*t**2 - 1/6*t**4. Let d be 2/(-6) + 10/3. Calculate a(d).
-11
Let k(q) = -q**3 - 3*q**2 + q + 1. Let s(v) = 192*v**3 + 23*v**2 - 6 - 187*v**3 + 5*v - 14*v. Let o(b) = 6*k(b) + s(b). Calculate o(5).
-15
Let i(a) = -3*a**3 - 4*a**2 - 145*a - 29. Let r(s) = -44*s**3 - 59*s**2 - 2032*s - 407. Let y(g) = 29*i(g) - 2*r(g). Give y(11).
-5
Let l(z) be the second derivative of 0 - 1/12*z**4 - 127*z - 2/3*z**3 - z**2. Determine l(-4).
-2
Let h(n) be the second derivative of n**5/20 - n**4/3 + n**3/3 - n**2/2 + n. Suppose -13*u - 34*t + 37*t + 82 = 0, 3*u = 5*t + 62. Give h(u).
7
Let l(n) = -n**2 + n + 22. Let t = -329 + 431. Suppose 0 = 21*r - t - 3. Determine l(r).
2
Suppose 17*v + 267 = 131. Let b(m) = m**2 + 12*m + 39. Give b(v).
7
Let m(l) = 40*l**2 + 4*l + 1. Let b be (-216)/1080 + 4/(-5). Give m(b).
37
Let g = -33553 - -33551. Let b(w) = -10*w**2 - 11*w - 3. What is b(g)?
-21
Suppose -15 = a + 10*m - 8*m, 0 = 4*a + 2*m + 18. Let t(d) = 2*d**2 - 4*d**2 - 4*d**3 + d**2. Give t(a).
3
Let i = 1796 + -1793. Let c(a) = 21*a - 7. What is c(i)?
56
Let d(o) = -2*o**3 - 4*o**2 + o**3 - 6*o - 3*o**2. Let y(t) = 93*t**2 + 3*t + 2. Let z be y(1). Suppose z = 5*j + 128. Calculate d(j).
0
Let j(y) = -18*y**2 + y - 1. Let n(w) = 109*w**2 + 24*w + 96. Let u(g) = 6*j(g) + n(g). What is u(-27)?
9
Let x(j) be the first derivative of j**2 + 1360. Suppose -i = 6 - 0. Calculate x(i).
-12
Let j = -2873 - -2878. Let f(r) = -r**2 - r + 23. Give f(j).
-7
Let l be (-93)/6*(-7 - -5). Let o = -3 - -7. Suppose -l*g = -33*g - o. Let m(p) = p**2 - 2*p - 3. Calculate m(g).
5
Let o(u) be the second derivative of u**3/2 + 79*u**2/2 + 6*u + 268. Calculate o(-28).
-5
Let x(w) = -2 + w - 3 - 4 + 2 - 3. Suppose 8 = 2*s - 0. Let c be (7 - s) + 4*1. What is x(c)?
-3
Suppose -610*k + 611*k - 4*g = 9, 4*g + 49 = 9*k. Let p(y) = 2*y**2 + 1 + 2*y**2 - y**3 + 2. What is p(k)?
-22
Let f(u) = u**3 + u**2 - 5*u - 1. Let w be ((-24)/16)/((-11)/(-2) - 6). What is f(w)?
20
Let l(u) = 5*u**2 - 18*u + 7. Let s(p) = 4*p**2 - 15*p + 6. Let x(m) = -5*l(m) + 6*s(m). Let g(z) = -5*z**2 + 4. Let a(b) = -g(b) + 6*x(b). What is a(0)?
2
Let t(i) be the third derivative of -i**4/12 - 4*i**3/3 - 31*i**2 - i - 20. Let c(h) = -h**3 - 18*h**2 - 17*h - 6. Let n be c(-17). Give t(n).
4
Suppose 0 = -3*h + 3, 3*f = -0*h + 3*h. Let n(x) = -8*x + 289858676 - 289858676. Calculate n(f).
-8
Let l(n) be the second derivative of n**5/20 - 5*n**4/4 - 3*n**3 + 31*n**2/2 - 1245*n. Calculate l(16).
-1
Let b(s) = 5*s**2 + 9*s + 19. Let r(o) = -11*o**2 - 20*o - 45. Let u(h) = 9*b(h) + 4*r(h). Determine u(-4).
3
Let k(i) = -7*i**2 - 5*i + 16. Let l(j) = 72*j**2 + 51*j - 167. Let q(p) = -41*k(p) - 4*l(p). Suppose -5*u - 5*s = -25, -4*u - 5*s + 15 = -2*s. Give q(u).
12
Suppose -7*b + 12 = -2. Let q(v) = -v**2 - b + 2*v + 3 - 3 - 8*v. Let c(k) = -k**3 - 11*k**2 - 8*k + 15. Let r be c(-10). Calculate q(r).
3
Let g(i) = i**3 - 7*i**2 - 100*i - 11. Let x be g(-7). Let h(d) = 3*d - 7. What is h(x)?
2
Let j(x) = x**2 - 2. Let t = 80 - 70. Suppose 6*f + 12 = t*f. Let k be (f/4)/(4/(-2 - 14)). What is j(k)?
7
Suppose 5*x + 3*f + 9 = 0, x + 66*f - 69*f = -9. Let z(h) = 3*h**3 - h**2 + 3*h + 5. Determine z(x).
-94
Let h(v) = -2*v + 4*v + 1 - 4*v - 6*v**3 + 2*v**2. Suppose -3*k = 4*t - 16, -20 = -4*k + 16*t - 21*t. Let n be (-1)/(-2) - (k - 11/22). Give h(n).
-5
Let n(w) = 14*w + 4*w - 1 + 3 + 2. Let p(x) = -2*x - 1. Let l(k) = n(k) + 3*p(k). Let i(m) = -m**3 - 6*m**2 - 5*m + 1. Let j be i(-5). Give l(j).
13
Let u(n) = 12*n**3 - 7*n**2 + 5*n - 11. Let q(a) = -7*a**3 + 3*a**2 - 3*a + 6. Let s(y) = -5*q(y) - 3*u(y). Determine s(6).
3
Let l = -13 + 3. Let c(h) = -h**2 - 7. Let a(n) = -7*n**2 - 8*n - 48. Let d(i) = a(i) - 6*c(i). Determine d(l).
-26
Let l = 9696 + -9690. Let a(b) = b**3 - 6*b**2 + 6*b - 10. What is a(l)?
26
Let l(o) = -o - 10. Suppose 0 = 7*n + 16 - 639. Let c = -96 + n. Give l(c).
-3
Suppose 236*a - 1164 + 2824 = -96*a. Let f(h) = -h**3 - 7*h**2 - 26*h - 73. Calculate f(a).
7
Let b be 12 + (-127)/5 - (17/(-5) - -3). Let t(a) = -11*a - 142. Give t(b).
1
Suppose -a - 5*c - 13 = -5*a, 2*a + 13 = 9*c. Let j(o) = -9*o + 32. Let l(f) = 10*f - 32. Let p(r) = 6*j(r) + 5*l(r). Calculate p(a).
4
Let f(q) = -q - 9. Let h be f(-5). Let r(l) be the second derivative of 1/4*l**4 + 3*l + 0 + 1/20*l**5 - 1/3*l**3 + 2*l**2. Determine r(h).
-4
Let b = -2979 + 2971. Let m(o) = 9*o + 2*o**3 - 5 - 3*o**3 + 3*o**2 + 16 - 10*o**2. Calculate m(b).
3
Let a = -5 + 9. Let l(r) = -a + 409*r + 3 - 415*r - r**2. Give l(-5).
4
Let g be -15 + 15 - 10/(1*-2). Suppose 27*s - 35*s = -16. Let c(p) = -8563 + p**s + 8563 + g*p**3. Give c(1).
6
Let g(q) = q**2 - 9*q + 5. Suppose -12*b - 34 - 14 = 0. Let h be 8 + 0*b/24. Give g(h).
-3
Let n(m) be the second derivative of -m**3/3 + 3*m**2/2 + 6406*m. Determine n(-10).
23
Let t(c) be the second derivative of 0 - 1/20*c**5 + 1/6*c**3 - c**2 + 2*c - 1/12*c**4. Let i be (-8)/(-24)*2*-3. Calculate t(i).
0
Let r(b) be the third derivative of b**4/24 - b**3/3 + 3270*b**2. Give r(-7).
-9
Let v(t) = t**3 + 2*t**2 - 4. Let b(z) = -2*z**2 + 20*z + 110. Let g be b(-4). Determine v(g).
-4
Let c(i) = -7*i**3 + 1. Let y(o) = 8*o + 10. Let g be y(-7). Let f = g + 83. Let j = f + -38. What is c(j)?
8
Let v(l) be the third derivative of l**4/12 - 7*l**3/2 - 5435*l**2. Let y(n) = 5*n + 1. Let p be y(1). Determine v(p).
-9
Let f(y) = 2*y**2 - y - 14. Let a be f(6). Suppose 0 = -a*h + 48*h. Let m(g) = -g. What is m(h)?
0
Let l(j) be the first derivative of j**3/3 + 3*j**2 + 3*j - 2. Suppose -3*o - 340 = 37*o + 28*o. Calculate l(o).
-2
Let g(s) be the second derivative of 0 - 5/6*s**3 + 19*s + 0*s**2. Suppose -3*a + i + 11 = 0, 2*a = -8*i + 4*i - 16. Give g(a).
-10
Let k be ((-140)/30*(-6)/4)/(-1). Let m(x) be the first derivative of x**4/4 + 8*x**3/3 + 4*x**2 + 3*x - 162. Calculate m(k).
-4
Let l(k) = k**3 - 5*k**2 + 4*k - 4. Let u be (-1)/(((-2)/205)/((-16)/10)). Let c be -5*3/10*u/6. Let g = 45 - c. What is l(g)?
-4
Let s(r) = r**2 - 1344*r + 0*r**2 + 7 + 1336*r. Suppose 14*c - 5 = 9*c. Let b be c + 6 + -4 - -2. Give s(b).
-8
Let a(t) = 14*t**2 + 25843*t - 25843*t. Suppose 1 + 15 = 4*f, -4*s + 24 = 5*f. What is a(s)?
14
Let k(l) = -7*l**2 + 9*l - 16. Suppose 5*i - 5 = 2*g, 49*g - 26 = 45*g - 2*i. Let r(a) = -6*a**2 + 9*a - 15. Let f(m) = g*k(m) - 6*r(m). Determine f(9).
10
Let b = -13 - -56. Let q(m) = 5 - 4 + b*m - 26*m - 18*m. Suppose g + 7 = 3. Give q(g).
5
Let y(m) = 32227*m**2 + 2*m - 1 - 64450*m**2 + 32227*m**2. Calculate y(-2).
11
Let q(m) = -m**3 - 3*m**2 - m + 1. Let v be (-12)/(-18)*150/100. Determine q(v).
-4
Le